) = -4*s**3 + 728*s**2 - 697*s - 4883. Calculate g(181).
4
Let b(q) = q**3 - 29*q + 32. What is b(-6)?
-10
Let x(m) = 2*m**3 - 9*m**2 - 36*m + 158. Calculate x(5).
3
Let h(c) = 3*c**2 + 28*c + 67. Calculate h(-4).
3
Let r(s) = -77*s - 2529. Calculate r(-32).
-65
Let q(m) = -51*m**3 + 5*m**2 + 9*m + 6. Give q(-2).
416
Let y(p) = 289*p + 5783. Calculate y(-20).
3
Let j(r) = r**2 - 24*r + 154. Determine j(7).
35
Let n(w) = -w**3 - 36*w**2 - 65*w + 117. Calculate n(-34).
15
Let j(f) = 261*f - 3698. What is j(14)?
-44
Let o(v) = -36*v - 452. Determine o(-24).
412
Let k(n) = -n**3 - 21*n**2 - 96*n + 12. What is k(-13)?
-92
Let g(l) = 40*l**3 + 3*l**2 + 2*l. Give g(-1).
-39
Let n(z) = 18*z**2 - 1154*z + 108. Give n(64).
-20
Let l(v) = -v**3 - 8*v**2 + 160*v + 1031. Calculate l(-7).
-138
Let g(y) = -14928*y + 74637. Determine g(5).
-3
Let j(v) = v**3 - 22*v**2 + 36*v + 833. Give j(17).
0
Let a(t) = -t**2 - 20*t - 55. What is a(-17)?
-4
Let n(r) = -r**2 - 14*r + 916. Calculate n(24).
4
Let d(m) = -1179*m - 5898. Calculate d(-5).
-3
Let l(p) = -781*p + 11692. Give l(15).
-23
Let d(g) = 29*g + 99. What is d(-4)?
-17
Let g(a) = a**2 - 76*a + 504. Give g(9).
-99
Let g(o) = -13*o**2 - 4401*o + 4404. Determine g(1).
-10
Let l(f) = 2*f**2 - 23*f + 5. Determine l(7).
-58
Let b(i) = 189*i + 4730. What is b(-25)?
5
Let z(o) = -2*o**2 + 36*o - 131. What is z(6)?
13
Let h(o) = o**2 + 3*o + 57. What is h(-10)?
127
Let k(p) = 261*p + 1831. Calculate k(-7).
4
Let g(s) = -4*s**2 - 113*s + 814. Determine g(6).
-8
Let a(l) = -4*l**2 + 73*l - 18. Give a(14).
220
Let f(b) = -28*b + 1359. Calculate f(36).
351
Let f(t) = 59*t - 2001. Give f(34).
5
Let m(x) = x**2 - 39*x + 95. Determine m(41).
177
Let q(i) = 226*i - 35940. Give q(159).
-6
Let f(z) = -z**2 - 110*z + 1620. What is f(13)?
21
Let n(o) = -o**2 + 118*o - 563. Determine n(5).
2
Let w(y) = y**2 - 135*y + 3360. What is w(102)?
-6
Let y(u) = 667*u + 10011. Give y(-15).
6
Let d(y) = 3*y + 37. What is d(-4)?
25
Let w(p) = 34*p + 393. Determine w(-9).
87
Let o(x) = -19*x**2 + 138*x - 33. Determine o(8).
-145
Let v(b) = -7*b**2 + 20*b + 57. Determine v(-4).
-135
Let v(c) = -c**3 + 24*c**2 + 15*c - 50. What is v(24)?
310
Let p(u) = 3*u + 370. Determine p(33).
469
Let k(z) = 2*z**2 + 54*z - 1. What is k(-23)?
-185
Let y(w) = 8*w**2 - 145*w + 27. What is y(18)?
9
Let k(q) = -3*q**2 + 12*q + 760. Calculate k(-14).
4
Let c(k) = -13*k + 100. Calculate c(20).
-160
Let h(o) = -290*o + 4349. Determine h(15).
-1
Let o(w) = -2*w**3 + 30*w**2 + 29*w + 32. What is o(16)?
-16
Let t(l) = -330*l - 3021. Give t(-9).
-51
Let f(p) = -57*p + 355. Calculate f(6).
13
Let d(l) = 12*l**2 + 8*l - 24. Calculate d(5).
316
Let i(l) = -10*l + 35. Calculate i(3).
5
Let b(u) = u**3 - 12*u**2 - 32*u + 65. What is b(14)?
9
Let x(f) = f**3 + 2*f**2 - 57*f - 193. Calculate x(-4).
3
Let a(h) = -h**3 + 20*h**2 + 41*h + 46. Calculate a(22).
-20
Let k(z) = -3*z**2 + 4. What is k(2)?
-8
Let z(f) = 2*f**3 + 7*f**2 - 837*f - 2541. What is z(-3)?
-21
Let v(b) = 54*b**2 - 126*b + 5. Give v(3).
113
Let z(b) = -2*b**3 - 4*b**2 + 11*b + 18. What is z(-3)?
3
Let f(o) = -12*o**2 + 207*o - 616. Calculate f(3).
-103
Let y(x) = 3*x**3 + 10*x**2 + 3*x - 22. Determine y(-2).
-12
Let w(f) = 10*f**3 + 6*f**2 - 28*f + 1. Determine w(3).
241
Let c(q) = -567*q - 16. Determine c(0).
-16
Let i(j) = 5*j**3 + 5*j**2 + j - 16. Calculate i(-3).
-109
Let f(l) = -5*l**3 - 40*l**2 + l - 15. What is f(-8)?
-23
Let m(n) = 2*n**3 - 18*n**2 - 42*n + 232. Determine m(10).
12
Let u(x) = -14*x - 1027. Give u(-71).
-33
Let x(f) = -119*f + 1048. What is x(9)?
-23
Let s(c) = 6*c**2 + 2*c - 5. Determine s(-4).
83
Let a(b) = 44*b + 552. Give a(-12).
24
Let a(h) = h**3 - 25*h**2 - 143*h + 2400. Calculate a(27).
-3
Let y(f) = -123*f + 924. What is y(7)?
63
Let i(p) = p**3 + 17*p**2 - 14*p + 49. Give i(-18).
-23
Let l(v) = 1064*v + 8444. Calculate l(-8).
-68
Let q(w) = 2*w**3 + 5*w**2 - 65*w + 8. What is q(-7)?
22
Let b(l) = 2*l**3 - 221*l**2 - 873*l + 3. What is b(-4)?
-169
Let k(y) = -7*y**2 + 238*y + 11. Determine k(34).
11
Let k(n) = -n**3 - 140*n**2 - 274*n + 266. Calculate k(-138).
-10
Let x(f) = -f**2 + 56*f - 200. What is x(4)?
8
Let z(c) = -c**3 + 8*c**2 + 32*c + 46. What is z(11)?
35
Let f(k) = 34*k - 645. Give f(19).
1
Let a(r) = -r**2 + 4336*r + 26032. Give a(-6).
-20
Let c(k) = 3*k**3 - 124*k**2 + 46*k - 198. What is c(41)?
7
Let z(w) = -w**3 - 5*w**2 + 1563*w + 10870. What is z(-7)?
27
Let p(f) = f**3 - 3*f**2 - 30*f - 35. Determine p(-5).
-85
Let f(w) = -5250*w + 12. Determine f(0).
12
Let q(i) = -4*i**2 + 127*i - 9. Determine q(27).
504
Let u(f) = -54*f + 7. Determine u(1).
-47
Let y(i) = i + 10. Give y(-42).
-32
Let f(s) = 3*s**2 - s - 11. Calculate f(6).
91
Let u(x) = -x**3 + 3*x**2 + 26*x + 54. Determine u(6).
102
Let s(q) = -128*q**3 + 4*q**2 - q - 2. Calculate s(1).
-127
Let n(g) = g**3 - 27*g**2 + 53*g - 62. Calculate n(25).
13
Let a(x) = -27*x**3 - 3*x**2 - 8*x - 7. Determine a(-2).
213
Let p(l) = -l**3 + 29*l**2 + 269*l - 8701. Calculate p(27).
20
Let d(b) = 15*b**2 - 900*b - 5. Determine d(60).
-5
Let h(o) = 29*o + 244. Calculate h(-8).
12
Let f(q) = q**3 - 8*q**2. Give f(8).
0
Let s(j) = -j**3 - 48*j**2 - 210*j - 19. What is s(-5)?
-44
Let a(f) = 5*f**2 - 21*f + 82. What is a(10)?
372
Let m(j) = j**3 + 20*j**2 - 98*j - 12. What is m(-24)?
36
Let q(t) = -t**2 + 13*t + 165. What is q(22)?
-33
Let a(u) = -11*u**2 - 316*u - 513. Calculate a(-27).
0
Let d(r) = 8*r - 83. Determine d(0).
-83
Let r(f) = 9*f**2 - 104*f + 267. Determine r(7).
-20
Let i(b) = 2*b**2 - 61*b - 2402. Give i(53).
-17
Let n(v) = 143*v + 1552. Determine n(-11).
-21
Let w(b) = -171*b + 1198. Determine w(7).
1
Let s(q) = -q**3 - 21*q**2 - 18*q - 466. Give s(-19).
-846
Let o(f) = f**3 - 23*f**2 - 38*f - 17. Calculate o(25).
283
Let v(g) = -2*g**2 - 31*g - 17. Give v(-18).
-107
Let z(a) = a**2 + 99*a + 1126. Give z(-13).
8
Let i(k) = -5*k**3 + k**2 - 178*k + 177. Give i(1).
-5
Let w(c) = c**3 - 7*c**2 - 12*c - 17. Give w(-4).
-145
Let u(p) = p**3 + 21*p**2 + 3*p - 230. Determine u(-20).
110
Let t(s) = -13*s - 1186. Determine t(-59).
-419
Let x(b) = -29*b + 5864. Calculate x(202).
6
Let w(o) = 4*o**2 - 95*o - 4027. Give w(-22).
-1
Let f(v) = -v**3 - 78*v**2 - 432*v + 66. Determine f(-72).
66
Let n(f) = -f**3 + 16*f**2 + 5*f - 296. What is n(15)?
4
Let i(x) = -99*x**2 - 487*x + 49. Determine i(-5).
9
Let k(m) = -3*m**2 - 51*m - 27. Give k(-17).
-27
Let n(z) = -890*z + 34714. Determine n(39).
4
Let p(m) = -7*m - 220. Determine p(-21).
-73
Let s(z) = -z**2 + 13*z + 90. Give s(14).
76
Let k(t) = 2*t**3 + 128*t**2 - 122*t + 554. Calculate k(-65).
34
Let z(s) = -s**3 + 43*s**2 + 45*s - 84. What is z(44)?
-40
Let q(y) = -3*y**2 - 190*y + 4283. What is q(-81)?
-10
Let r(d) = -12*d**2 + 8*d - 16. Calculate r(2).
-48
Let p(c) = -87*c**2 + 2*c + 2. Calculate p(2).
-342
Let t(v) = 153*v + 366. Determine t(-4).
-246
Let l(z) = z**3 - 25*z**2 + 26*z - 92. What is l(24)?
-44
Let y(h) = h**3 - 55*h**2 + 49*h + 73. Determine y(54).
-197
Let y(u) = 26*u - 319. Determine y(12).
-7
Let k(o) = -2*o**3 + 14*o**2 + 15*o - 168. Give k(6).
-6
Let n(g) = -22*g - 26. Give n(5).
-136
Let j(a) = 12*a**2 + 40*a - 112. What is j(7)?
756
Let l(t) = -481*t + 527. What is l(1)?
46
Let b(p) = 17*p**2 - 25*p + 78. Give b(5).
378
Let y(g) = 4939*g - 108669. Give y(22).
-11
Let v(m) = 20*m + 708. What is v(-33)?
48
Let p(a) = -a**3 - 6*a**2 - 4*a - 5. Give p(-2).
-13
Let r(w) = -2*w**2 - 51*w - 314. Determine r(-14).
8
Let p(s) = -2*s**2 + 92*s - 969. Determine p(16).
-9
Let q(f) = -80*f**3 + 3*f**2 - 24*f + 46. Determine q(2).
-630
Let x(j) = j**2 + 33*j - 18. What is x(-38)?
172
Let o(a) = -a**2 - 59*a - 705. What is o(-41)?
33
Let o(u) = 70*u - 10562. Calculate o(151).
8
Let r(c) = 2*c**3 - 17*c**2 - 24*c + 5. What is r(10)?
65
Let j(z) = 12*z - 14. Determine j(1).
-2
Let l(m) = 284*m + 1701. Determine l(-6).
-3
Let m(b) = -154*b - 753. What is m(-5)?
17
Let g(p) = -1232*p - 48047. Give g(-39).
1
Let i(s) = s**3 + 75*s**2 + 355*s + 16. Calculate i(-5).
-9
Let f(o) = -11*o + 48. Give f(4).
4
Let y(p) = 2*p**2 + 7*p - 75. Give y(10).
195
Let s(u) = -u**3 - 7*u**2 + 26*u + 172. Give s(-7).
-10
Let h(b) = b**3 - 6*b**2 + 5*b + 8. Give h(3).
-4
Let y(